, 7, 11
Let l(x) = 10*x - 1. Let w = 3 + -6. Let h be (-4)/(2 - 0) - w. What are the prime factors of l(h)?
3
Let s = 6067 - 3370. What are the prime factors of s?
3, 29, 31
Let s(l) = -l**3 + 17*l**2 + 17*l + 23. Let a be s(18). Suppose -9*n + a*n + 76 = 0. What are the prime factors of n?
19
Let f(t) = -169*t**3 - 2*t - 1. Let i be f(-1). Let w = -33 + i. List the prime factors of w.
137
Suppose 2*q = -2*q. Suppose z = -3*z + 12. Suppose z*p - 27 - 3 = q. What are the prime factors of p?
2, 5
Suppose 5*r + 78 = 2*k, -2*r + 17 = 13. Suppose 4 = 3*d - 3*s - 14, -5*d + 4*s = -27. Let t = k + d. What are the prime factors of t?
47
List the prime factors of ((-12)/(-15) + 0)/((-6)/(-9420)).
2, 157
Let g(d) = 8*d + 31. Let t be g(14). Suppose 5*i = t - 33. List the prime factors of i.
2, 11
Suppose -3*f - 5*p = -185, f - 2*p = -3*p + 59. Suppose f = -h + 5*n + 337, 242 = h + 5*n. List the prime factors of h.
2, 131
Let r(y) = 6*y**2 + 10*y + 85. Let f(n) = n**2 + 2*n + 17. Let g(x) = -11*f(x) + 2*r(x). What are the prime factors of g(-6)?
31
Let v(b) = 49*b**2 - 9*b + 8. Let x be v(1). Let y(w) = -w**2 + 3*w + 3. Let z be y(3). Suppose z*c - x = c. List the prime factors of c.
2, 3
Let v = -85 - -55. Let l be (12 + -2)/((-3)/v). Let o = -51 + l. What are the prime factors of o?
7
Suppose -8 = 3*y - 23. Let u = 2 - y. Let d(s) = -2*s**3 - 4*s**2 - 2*s + 3. List the prime factors of d(u).
3
Let r = 1786 + -1059. What are the prime factors of r?
727
Suppose -2 = -2*u + 12. Suppose -21 = u*v - 525. List the prime factors of v.
2, 3
Let b be (-20)/(-2)*17/2. Suppose -p - 4*p = -b. What are the prime factors of p?
17
Suppose -8*c - 1829 + 24981 = 0. What are the prime factors of c?
2, 1447
Let v(r) = -282*r**3 - r**2 + 2*r + 2. List the prime factors of v(-1).
281
Suppose 0 = 4*i - 0*i - d - 22019, -3*d - 22009 = -4*i. What are the prime factors of i?
2, 2753
Let k = 92 + -45. Let o(i) = i**3 + 7*i**2 - 9*i + 18. Let b be o(-8). Let x = k - b. What are the prime factors of x?
3, 7
Suppose j = 4*j + 2*f - 31, 5*j + 3*f - 53 = 0. Suppose 1 = 4*k + 3*t + 2, -t = -5*k + j. What are the prime factors of (k/(-6))/(1/(-6))?
2
What are the prime factors of (-5972)/(-3)*(-39)/(-26)?
2, 1493
List the prime factors of ((-26034)/36)/(-1) + 1/(-6).
3, 241
Suppose -43201 = -36*b - 12133. What are the prime factors of b?
863
List the prime factors of (-12)/8*(-3220)/5.
2, 3, 7, 23
Suppose 0 = 3*i - 4*i + 4. Let b(u) = u**2 + u - 6. Let r be b(0). List the prime factors of i/r - (-222)/9.
2, 3
Suppose 3 = 3*n, -6*n - 885 = -2*u - n. List the prime factors of u.
5, 89
Let x = -4 + 13. Suppose 9*m + 11 = 47. List the prime factors of x + 2/m*-4.
7
Let p(u) = u**3 - 62*u**2 + 241*u + 119. List the prime factors of p(58).
641
What are the prime factors of (3/(-1) - (-26 + -1))*33?
2, 3, 11
Let z(d) = -12*d**3 - 2*d**2 + 5*d + 49. What are the prime factors of z(-6)?
2539
Suppose 304 = 4*y + 4*w, y + w - 5*w = 56. Let d = y - -17. List the prime factors of d.
89
Suppose 4*g - g = 9. Let z = -14 - g. List the prime factors of (-1)/(-1 - 16/z).
17
Let x = -5 - -6. Let c = -11 + x. Let g = -4 - c. What are the prime factors of g?
2, 3
Suppose -11*x + 10032 + 5753 = 0. What are the prime factors of x?
5, 7, 41
Suppose -1742 = -25*s + 7583. What are the prime factors of s?
373
Suppose 4*c + 4 = 0, 3*c - 7 = -t - 0*c. List the prime factors of (-450)/20*(-56)/t.
2, 3, 7
Suppose k - 5*k + 92 = 2*r, 12 = k - 5*r. What are the prime factors of k?
2, 11
Suppose 8 = -4*c + 44. Let q(a) = a**3 - 8*a**2 - 4*a + 14. List the prime factors of q(c).
59
Let o be (-2)/(-11) - (-632)/(-88). Let j = o - -13. What are the prime factors of ((-15)/(-10))/(j/20)?
5
Let s(r) = 2 + 7 + 0*r + 6*r + 0*r. Let y(i) = -1. Let b(a) = s(a) + 12*y(a). List the prime factors of b(3).
3, 5
Suppose -q = -2*q + 2. Let n(p) be the second derivative of p**5/10 - p**4/6 + p**3/6 - 247*p. What are the prime factors of n(q)?
2, 5
Suppose 60*w - 64*w + 4772 = 0. List the prime factors of w.
1193
What are the prime factors of (-90)/(-36)*(-5)/(-2)*4?
5
Let l(s) = -2*s**3 - 3*s**2. Let b be l(-2). Suppose -b - 11 = -3*r. Suppose -4*k = 3*c - 91, -r*c + 63 = 2*k - 70. What are the prime factors of c?
5
List the prime factors of (-1444)/(-2) + -2*(2 + 1).
2, 179
Let t(d) = -d + 25. Let l be t(22). Suppose -l*m + 50 = 2*m. List the prime factors of m.
2, 5
Suppose n = -2*i + 10, 2*n + 4 - 12 = 0. Suppose -5*m + 59 = -2*c, 0 = -i*c - 3*m + 28 - 106. Let w = 67 + c. What are the prime factors of w?
2, 5
Let v(x) = 16*x**2 - 20*x - 5. What are the prime factors of v(5)?
5, 59
Let m(b) be the second derivative of b**4/12 + b**3 + 2*b**2 - 2*b. Let y be m(-4). Let h(f) = -5*f + 1. What are the prime factors of h(y)?
3, 7
Suppose -2*b = -3*o + 8, -7*o + 8 = -2*o + 2*b. Suppose -o*g + 5*g - 189 = 0. List the prime factors of g.
3, 7
What are the prime factors of ((95 + 11)/2)/(2/12)?
2, 3, 53
Suppose p = 5*n + 1702, -9*p - 3*n = -11*p + 3376. What are the prime factors of p?
2, 29
Let z(f) = 10*f**2 - 22*f + 18. What are the prime factors of z(10)?
2, 3, 7, 19
Let y be 2/6*(3 - -15). Suppose -r - 2*p - y = 0, 35 = -5*p + 10. List the prime factors of -2 - -13*r/2.
2, 3
What are the prime factors of (8604/27)/(-2)*3/(-2)?
239
Suppose 4*u + 10 = 2*h, -3*h + h + 22 = 2*u. Suppose -3*b + 153 = h. List the prime factors of b.
2, 3
Let g(n) = n**2 - 11*n - 20. Let j be g(13). Let w(s) = 5*s**2 - 13*s - 5. List the prime factors of w(j).
97
Let b = -208 + 338. List the prime factors of b.
2, 5, 13
What are the prime factors of 5/((-15)/2)*-711?
2, 3, 79
Let v be 1616/6 - (-3)/((-54)/(-12)). Suppose -v - 51 = -3*b. List the prime factors of b.
107
Suppose 0 = -129*a + 115*a + 15778. List the prime factors of a.
7, 23
Let x = 438 - 212. What are the prime factors of x?
2, 113
Suppose -3 = -0*l + l + 4*r, 0 = 5*l + 2*r - 21. Suppose 139 = -5*v + q + 808, 0 = -l*q + 5. What are the prime factors of v?
2, 67
Let f = 548 + 295. What are the prime factors of f?
3, 281
Let k be -22 + 1*5/5. What are the prime factors of ((-100)/60)/(1/k)?
5, 7
Let o = -32 - -39. Suppose -12 - 16 = -o*h. List the prime factors of h.
2
Suppose q - 101*i = -100*i + 1657, 0 = 2*q - 5*i - 3320. What are the prime factors of q?
5, 331
Let d = -18 + 23. Suppose 0 = -3*n - 2*j + 223, 92 = d*n + j - 282. What are the prime factors of n?
3, 5
Let o = -9 + 11. Let d(b) = 31*b. Let v be d(o). Suppose 2*r = v + 4. List the prime factors of r.
3, 11
List the prime factors of (-23112)/(-20)*45/27.
2, 3, 107
Let t = 45 - 28. Suppose 5*q - t = -k, 5 = -3*q - 2*q. What are the prime factors of k?
2, 11
What are the prime factors of -3*((-6)/(-4) + (-265960)/240)?
2, 5, 83
Suppose -g + 0 = 21. Let v = 100 + -141. Let f = g - v. List the prime factors of f.
2, 5
Suppose -z + 0*z - 890 = -p, 3*z = -15. List the prime factors of p.
3, 5, 59
List the prime factors of (3*-2567)/(134 - 137).
17, 151
Let v be (295/(-2))/(23/(-46)). Let l = v + -119. List the prime factors of l.
2, 11
Let q(h) = -44 + 7*h - 9*h + 14 - 10*h. What are the prime factors of q(-9)?
2, 3, 13
Let i = -71 + 79. What are the prime factors of (6*i/(-72))/(4/(-666))?
3, 37
List the prime factors of (575 - (-6 - -8))*3.
3, 191
Let u(c) = c**3 + 4*c**2 - 18*c + 84. List the prime factors of u(10).
2, 163
Suppose 4 = -5*r + 14. Suppose -r*l + 0 + 4 = 0. Suppose -2*w - 14 = -l*c, -4*c = 2*w + 3*w - 73. List the prime factors of c.
2, 3
Let p = 7 - 8. Let n(q) = 28*q + 1. Let i be n(p). List the prime factors of 3/(-6)*0 - i.
3
Suppose 4*m - 190 = 10. What are the prime factors of (125/m)/(5/4)?
2
Suppose 0 = -5*k + 4*u + 4, 0 = 3*k + 3*u - 6*u. What are the prime factors of 94 - (-10)/(-8)*k?
89
Suppose -5*m + 3032 = 3*m. List the prime factors of m.
379
Let x(i) = 7*i**2 + 21*i - 33. List the prime factors of x(-17).
23, 71
Let g be -1 + -2 - -5 - -17. Suppose 3*h = -10 + g. List the prime factors of 245/(h + 2) + -4.
3, 5
Let c(t) = -7*t**2 + 12*t - 4 - 11*t - 3*t**2. Let j(l) = -11*l**2 + l - 5. Let d(a) = -4*c(a) + 3*j(a). What are the prime factors of d(3)?
61
Let a = 3005 + -2134. What are the prime factors of a?
13, 67
Suppose 1029 = 4*s - s. List the prime factors of s.
7
Let s = -129 - -36. Let l = s + 3